)?
0
Let o be 547 + (5 - (-6 - -14)). Calculate the remainder when 269 is divided by (0 + o)/8 + 0.
65
What is the remainder when 311 is divided by ((-254)/(-4))/((5/30)/(15/45))?
57
Suppose -h + 33 = g, -5*h - 1 = -2*g + 58. Let k = -11 + 74. Let s = k + -1. What is the remainder when s is divided by g?
30
Let u = 280 + -248. Suppose -2*g = 4*v - 38, 2*g - 5*v = 6*g - 70. Suppose 3*n - x - g = 6, 14 = 2*n - 2*x. What is the remainder when u is divided by n?
4
Suppose -13*b + 807 = -1585. Suppose 3*j + 14*d = 19*d + b, 0 = 2*j - 3*d - 122. Calculate the remainder when j is divided by 12.
10
Let q be (-4)/30 + 32/240. Suppose q = 4*m - 2371 + 22195. Calculate the remainder when 2/9 + m/(-54) is divided by 24.
20
Let d(s) = s**2 + 63*s + 234. Let c be d(-4). Suppose -j + 29 = 2*k, -j + 3*k - 8*k = -20. Calculate the remainder when (-2 - -2)/c + j is divided by 21.
14
Let w(c) = -c**2 - 91*c - 993. What is the remainder when 1209 is divided by w(-13)?
12
Let t = 4282 - 3731. Calculate the remainder when t is divided by 33.
23
Calculate the remainder when 498 is divided by 104/91 + 50175/105.
19
Let u(z) = z**2 - 10*z - 53. Let v be u(19). Let o be (v/8)/(8/(-32)). Let m = o - -60. What is the remainder when m is divided by 1?
0
Suppose -13*h = -5*h - 40. Suppose h*q + 229 = 979. Calculate the remainder when q is divided by 26.
20
Suppose -t + z = 6*z - 81, 0 = 4*t + 2*z - 324. Suppose 1108*p - 136 = 1100*p. What is the remainder when t is divided by p?
13
Suppose v + 974*f = 970*f + 893, -v = -2*f - 887. Calculate the remainder when v is divided by 76.
53
Suppose 12*l - 70 = -4*n + 13*l, 0 = 5*l - 10. Let q = 9 + -7. Suppose -2*s + 100 = -q*f, s - 5*f = 6*s - 260. Calculate the remainder when s is divided by n.
15
Let r = 330 + -326. Suppose r*u + v - 518 = 3*v, -3*v = 4*u - 513. Calculate the remainder when u is divided by 23.
14
Let z(y) = y**3 + y**2 - 4*y + 5. Let c be z(-3). Calculate the remainder when 43 is divided by 105/7 - 1 - c.
13
Let t = -5623 - -5640. Suppose 2*n - 57 = 37. What is the remainder when n is divided by t?
13
Suppose -5*o + 1 = 16. Let g(r) = 67*r + 6. Let s(q) = q + 1. Let b(n) = o*s(n) + g(n). Calculate the remainder when b(1) is divided by 14.
11
Suppose 1591*n - 91 = 3166*n - 1588*n. What is the remainder when 2162 is divided by n?
6
Let z = -6592 - -6663. Let j(d) = -d**2 - 1. Let i(n) = 3*n**2 + 4*n + 5. Let g(p) = i(p) + 2*j(p). What is the remainder when z is divided by g(-6)?
11
Suppose 4*z - 5*z = -9. Calculate the remainder when (20 - 14 - (-6)/(-1)) + 54 + -1 is divided by z.
8
Let o = 2534 - 2522. Let n(c) = -7*c + 5. What is the remainder when n(-5) is divided by o?
4
Let r = -98 - 85. Let h = r + 765. Suppose 0 = 4*l + 2*l - h. What is the remainder when l is divided by 14?
13
Suppose 57*t = 48*t + 113238. What is the remainder when t is divided by 29?
25
Let a = -270 + 186. Let z = a - -197. Let k = -93 + z. Calculate the remainder when 96 is divided by k.
16
Suppose -1459*i + 48906 = -1393*i. What is the remainder when i is divided by 38?
19
Let b = 31 - -10. Suppose -406 = 57*q - 59*q. Calculate the remainder when q is divided by b.
39
Calculate the remainder when 4/26 + 1008/1560 + (-381)/(-5) is divided by 35.
7
Let r be (-1 + 1)*(-6)/12. Suppose 15*g - 11*g = r. Suppose j - 4 - 85 = g. What is the remainder when j is divided by 23?
20
Suppose 4*b + 10 = 3*z - z, -5*b + 5 = 0. Let o(c) = 29*c + 60. What is the remainder when z is divided by o(-2)?
1
Suppose 2*f + 5*w = 39, 30 + 16 = 3*f - 5*w. Let o(i) = -2*i**2 - 4 + i**2 - 8*i + f + 12. Calculate the remainder when o(-6) is divided by 7.
2
Suppose -139*k + 4773 = 129*k - 231*k. Calculate the remainder when k is divided by 79.
50
Let p = -23229 + 23607. What is the remainder when 2273 is divided by p?
5
Calculate the remainder when 5/10 + (-3693)/(-6) + 2 is divided by 25.
18
Calculate the remainder when 736 is divided by 20/50 - 11575/(-125).
85
Suppose 961 + 392 = 11*d. Calculate the remainder when 368 is divided by d.
122
Let k be 1 - (1 - (4 - -3)). Suppose 0 = k*g - 49 - 140. What is the remainder when g is divided by 24?
3
Calculate the remainder when (-5)/3 - (-247)/285 - 18078/(-10) is divided by 201.
199
Suppose -5*d + 5*v = 25, 0 = 5*d - 3*d + 3*v. Let b be -20 + (-3 - -8) - d*1. Calculate the remainder when 1242/14 - -5*b/(-210) is divided by 46.
43
Let f(v) = 3*v + 12. Let o be ((-91)/5 - -2) + 12/60. Let m be o/(-40) - 18/(-5). What is the remainder when 118 is divided by f(m)?
22
Let m(x) = -164*x**2 - 7*x - 8. Let d be m(-1). Let u = d - -394. Calculate the remainder when u is divided by 33.
31
Let b = 50 + -52. Let l be 2/(-2 + 48/22) - b. Suppose 97 - l = 12*p. What is the remainder when 34 is divided by p?
6
Let y = 11 - -74. Suppose 0 = 165*b - 86*b + 238*b - 106829. What is the remainder when b is divided by y?
82
Suppose -7*j = -11*j - 4*q + 56, 4*q - 44 = -3*j. Calculate the remainder when 15 is divided by (-1 + 3)*18/j.
0
Let l(r) = -r**2 - 29*r + 88. Let g be l(-31). Let p(f) = f**2 - 31*f + 187. Calculate the remainder when p(g) is divided by 29.
28
Let o(a) = -a - 3. Let i be o(0). What is the remainder when 12 is divided by (i - 0) + (-30)/(-5)?
0
Suppose -s - 3*w = 2*s + 276, w + 3 = 0. Let z = -94 - s. Let r = 32 + z. Calculate the remainder when r is divided by 14.
13
Let j = 7535 - 7304. What is the remainder when 12704 is divided by j?
230
Suppose -2*d - 5*v - 5 = 0, 5*d - 2*d = -5*v - 5. Suppose -a + 4*a + 6 = 3*p, 5*p - a - 26 = d. Calculate the remainder when 40 is divided by p.
4
Let k(d) = -2*d**2 - 11*d + 13. Let t be k(-6). Let w = t - -4. Suppose 2*p = -3*l + 31, -l - 5*p = -3*l - w. Calculate the remainder when 32 is divided by l.
4
Let k = -6 + 11. Suppose 4*a - 128 = -0*a + k*q, q + 33 = a. What is the remainder when a is divided by (-2)/(-2)*(15 + 5)?
17
What is the remainder when 21 + (6/2 - 0) is divided by (17/(-4))/((-6 - (-78)/(-24)) + 9)?
7
Suppose v = -5*x + 3*v + 866, 0 = -5*x - v + 857. Let m be ((-48)/(-24))/(3*(-4)/186). What is the remainder when x is divided by -1*5/2*(17 + m)?
32
Let y(a) = -a**2 - 132*a + 16. Let p(m) = 2*m**2 - 1. Let x(z) = -p(z) + y(z). Calculate the remainder when 115 is divided by x(-44).
13
Suppose -47857 = -56*b + 173735. Calculate the remainder when b is divided by 4.
1
Suppose 0 = -j + 4, 4*h + 5*j - 24 = 3*j. Suppose 5*i - 118 = -n, -h*i - 4*n + 88 = -0*i. What is the remainder when 46 is divided by i?
22
Let f(d) = 27*d + 359. Let h(y) = 31*y + 359. Let k(v) = 3*f(v) - 2*h(v). Calculate the remainder when k(0) is divided by 20.
19
Let v(s) = -934*s + 171. What is the remainder when v(-4) is divided by 91?
85
Suppose 100*r - 16290 = 21610. Calculate the remainder when 1517 is divided by r.
1
Let c(g) = 35*g - 1. Let f(z) = 5283*z + 42464. Calculate the remainder when f(-8) is divided by c(1).
30
Let d be 18/(-63) + 279/21. Let p(i) = -9*i - 8. Let q be p(d). Let m = -70 - q. What is the remainder when m is divided by 19?
17
What is the remainder when (-13)/(78/(-1452)) + (-4 - -8) is divided by 16?
6
Let t(b) = 2*b**2 + 14*b + 23. Let n be t(-5). Calculate the remainder when (-11 + (3 - -4))/(2 - n) is divided by (-2)/(-4) - (-10)/4.
1
Suppose -442*a = -36*a + 41838 - 890378. What is the remainder when a is divided by 696?
2
Let i be ((-6)/4)/((-39)/(-208)). Calculate the remainder when (10*1)/(i + 225/27) is divided by ((-3)/12)/(3/(-132)).
8
Suppose 4*f - 49 = 3*i, 29 = 5*i + 4. Let o = -274 + 303. Suppose 0 = -o*h + 34*h - 305. What is the remainder when h is divided by f?
13
Suppose 2*q = -q + 48. Let p(d) be the third derivative of -41*d**4/24 - 146*d**3/3 + 571*d**2. What is the remainder when p(-9) is divided by q?
13
Let h(y) = -y**3 + 17*y**2 + 19*y - 14. Let d be h(18). Suppose -j + 168 = d*b, -3*j = 5*b - 243 + 40. Calculate the remainder when 162 is divided by b.
33
Let a = 1304 - 563. Suppose 15*t - 2*t = a. Calculate the remainder when t is divided by 10.
7
Suppose -7703*o - 4824 = -7712*o. Calculate the remainder when o is divided by 57.
23
Suppose 0 = k - 2*x - 173, 3*k = -33*x + 29*x + 549. Calculate the remainder when k is divided by 58.
5
What is the remainder when 447 is divided by 5362/383*-2*14/(-8)?
6
Suppose 7*r - 20 = 2*r. Let t be (r/